{"id":328,"date":"2026-02-08T12:00:51","date_gmt":"2026-02-08T11:00:51","guid":{"rendered":"http:\/\/f6kop.com\/?page_id=328"},"modified":"2026-04-13T08:36:35","modified_gmt":"2026-04-13T06:36:35","slug":"qsl-manager","status":"publish","type":"page","link":"https:\/\/f6kop.com\/index.php\/qsl-manager\/","title":{"rendered":"QSL Manager"},"content":{"rendered":"\n<figure class=\"wp-block-image size-full\"><img loading=\"lazy\" decoding=\"async\" width=\"310\" height=\"357\" src=\"https:\/\/f6kop.com\/wp-content\/uploads\/2026\/02\/chris.jpg\" alt=\"\" class=\"wp-image-329\" srcset=\"https:\/\/f6kop.com\/wp-content\/uploads\/2026\/02\/chris.jpg 310w, https:\/\/f6kop.com\/wp-content\/uploads\/2026\/02\/chris-261x300.jpg 261w\" sizes=\"auto, (max-width: 310px) 100vw, 310px\" \/><\/figure>\n\n\n\n<h3 class=\"wp-block-heading\">F5GSJ Christian QSL Manager XP KOP <\/h3>\n\n\n\n<p>Christian BERNARD<br>19, avenue Hoche<br>77330 OZOIR LA FERRIERE<br>FRANCE<\/p>\n\n\n\n<figure class=\"wp-block-image size-large is-resized\"><img loading=\"lazy\" decoding=\"async\" width=\"1024\" height=\"573\" src=\"https:\/\/f6kop.com\/wp-content\/uploads\/2026\/03\/image-1-1024x573.png\" alt=\"\" class=\"wp-image-652\" style=\"aspect-ratio:1.7871746285030419;width:568px;height:auto\" srcset=\"https:\/\/f6kop.com\/wp-content\/uploads\/2026\/03\/image-1-1024x573.png 1024w, https:\/\/f6kop.com\/wp-content\/uploads\/2026\/03\/image-1-300x168.png 300w, https:\/\/f6kop.com\/wp-content\/uploads\/2026\/03\/image-1-768x430.png 768w, https:\/\/f6kop.com\/wp-content\/uploads\/2026\/03\/image-1-1536x859.png 1536w, https:\/\/f6kop.com\/wp-content\/uploads\/2026\/03\/image-1-1140x638.png 1140w, https:\/\/f6kop.com\/wp-content\/uploads\/2026\/03\/image-1.png 1973w\" sizes=\"auto, (max-width: 1024px) 100vw, 1024px\" \/><\/figure>\n\n\n\n<h3 class=\"wp-block-heading\">F5PBM Larry QSL Manager de F6KOP et TM1A <\/h3>\n\n\n\n<p>Larry DOMENGE<br>5 rue de la Marni\u00e8re<br>CHANTELOUP en BRIE 77600<br>France<\/p>\n\n\n\n<p><\/p>\n\n\n\n<p><strong>F6KOP Qsl Via Direct (Bureau pr\u00e9fer\u00e9)  <\/strong><\/p>\n\n\n\n<p>Un mot, un titre, mais un r\u00f4le <strong>difficile \u00e0 d\u00e9crire de mani\u00e8re synth\u00e9tique<\/strong> tant il est <strong>essentiel pour F6KOP<\/strong>. Depuis plusieurs ann\u00e9es, notre ami et KOPAIN <strong>Christian F5GSJ<\/strong> assure cette responsabilit\u00e9 avec rigueur et passion.<\/p>\n\n\n\n<p>Le QSL Manager s\u2019occupe de <strong>v\u00e9rifier les logs<\/strong>, de <strong>r\u00e9pondre via LOTW<\/strong> et de g\u00e9rer la politique de confirmations que nous d\u00e9fendons fi\u00e8rement. Cette politique refl\u00e8te <strong>l\u2019esprit de KOP<\/strong> : la radio n\u2019est pas un business. Bien s\u00fbr, nous sommes aid\u00e9s et soutenus par des op\u00e9rateurs et sponsors du monde entier, mais nous ne perdons jamais de vue certains fondamentaux, malheureusement de moins en moins utilis\u00e9s par certains.<\/p>\n\n\n\n<p>Notre principe : <strong>les confirmations LOTW doivent rester gratuites<\/strong>. Alors que certains demandent jusqu\u2019\u00e0 5 $ pour confirmer un QSO sur LOTW, nous nous engageons \u00e0 fournir ce service <strong>rapidement et enti\u00e8rement gratuitement<\/strong>. Chaque sortie ou exp\u00e9dition KOP fait l\u2019objet d\u2019une <strong>\u00e9dition de QSL<\/strong>, disponible soit via le <strong>QSL Bureau<\/strong>, soit directement, avec pour seule contribution une part des frais postaux absorb\u00e9s par KOP.<\/p>\n\n\n\n<p>Chaque exp\u00e9dition g\u00e9n\u00e8re des <strong>dizaines, voire des centaines d\u2019emails<\/strong> que Christian re\u00e7oit : pour confirmer la pr\u00e9sence d\u2019un OM dans le log, orienter les op\u00e9rateurs sur la proc\u00e9dure \u00e0 suivre pour obtenir leur QSL, ou r\u00e9pondre \u00e0 toutes les questions li\u00e9es aux \u00e9changes. Le r\u00f4le de <strong>QSL Manager fait partie int\u00e9grante d\u2019une exp\u00e9dition DX<\/strong>, et garantit que chaque contact est correctement document\u00e9 et honor\u00e9.<\/p>\n\n\n\n<p>N\u2019h\u00e9sitez pas \u00e0 <strong>nous contacter<\/strong> pour toute question concernant le service QSL de F6KOP. Nous vous r\u00e9pondrons <strong>rapidement et avec pr\u00e9cision<\/strong>.<\/p>\n\n\n<style id=\"wpforms-css-vars-334-block-da9e7727-7aac-4146-8e81-79b3a3dba5eb\">\n\t\t\t\t#wpforms-334.wpforms-block-da9e7727-7aac-4146-8e81-79b3a3dba5eb {\n\t\t\t\t--wpforms-field-size-input-height: 43px;\n--wpforms-field-size-input-spacing: 15px;\n--wpforms-field-size-font-size: 16px;\n--wpforms-field-size-line-height: 19px;\n--wpforms-field-size-padding-h: 14px;\n--wpforms-field-size-checkbox-size: 16px;\n--wpforms-field-size-sublabel-spacing: 5px;\n--wpforms-field-size-icon-size: 1;\n--wpforms-label-size-font-size: 16px;\n--wpforms-label-size-line-height: 19px;\n--wpforms-label-size-sublabel-font-size: 14px;\n--wpforms-label-size-sublabel-line-height: 17px;\n--wpforms-button-size-font-size: 17px;\n--wpforms-button-size-height: 41px;\n--wpforms-button-size-padding-h: 15px;\n--wpforms-button-size-margin-top: 10px;\n\t\t\t}\n\t\t\t<\/style><div class=\"wpforms-container wpforms-container-full wpforms-block wpforms-block-da9e7727-7aac-4146-8e81-79b3a3dba5eb wpforms-render-modern\" id=\"wpforms-334\"><form id=\"wpforms-form-334\" class=\"wpforms-validate wpforms-form wpforms-ajax-form\" data-formid=\"334\" method=\"post\" enctype=\"multipart\/form-data\" action=\"\/index.php\/wp-json\/wp\/v2\/pages\/328\" data-token=\"a0932b0a1083261648e2d3b7d6e4ccf4\" data-token-time=\"1778474059\"><noscript class=\"wpforms-error-noscript\">Veuillez activer JavaScript dans votre navigateur pour remplir ce formulaire.<\/noscript><div id=\"wpforms-error-noscript\" style=\"display: none;\">Veuillez activer JavaScript dans votre navigateur pour remplir ce formulaire.<\/div><div class=\"wpforms-field-container\"><div id=\"wpforms-334-field_1-container\" class=\"wpforms-field wpforms-field-name\" data-field-id=\"1\"><label class=\"wpforms-field-label\" for=\"wpforms-334-field_1\">Indicatif <span class=\"wpforms-required-label\" aria-hidden=\"true\">*<\/span><\/label><input type=\"text\" id=\"wpforms-334-field_1\" class=\"wpforms-field-medium wpforms-field-required\" name=\"wpforms[fields][1]\" aria-errormessage=\"wpforms-334-field_1-error\" required><\/div><div id=\"wpforms-334-field_2-container\" class=\"wpforms-field wpforms-field-email\" data-field-id=\"2\"><label class=\"wpforms-field-label\" for=\"wpforms-334-field_2\">E-mail <span class=\"wpforms-required-label\" aria-hidden=\"true\">*<\/span><\/label><input type=\"email\" id=\"wpforms-334-field_2\" class=\"wpforms-field-medium wpforms-field-required\" name=\"wpforms[fields][2]\" spellcheck=\"false\" aria-errormessage=\"wpforms-334-field_2-error\" required><\/div><div id=\"wpforms-334-field_4-container\" class=\"wpforms-field wpforms-field-select wpforms-field-select-style-classic\" data-field-id=\"4\"><label class=\"wpforms-field-label\" for=\"wpforms-334-field_4\">Question sur <\/label><select id=\"wpforms-334-field_4\" class=\"wpforms-field-medium\" name=\"wpforms[fields][4]\"><option value=\"Qsl Direct\"  class=\"choice-1 depth-1\"  >Qsl Direct<\/option><option value=\"Qsl Buro\"  class=\"choice-2 depth-1\"  >Qsl Buro<\/option><option value=\"LOTW\"  class=\"choice-3 depth-1\"  >LOTW<\/option><option value=\"Dans le log ou pas\"  class=\"choice-4 depth-1\"  >Dans le log ou pas<\/option><option value=\"Sponsoring\"  class=\"choice-5 depth-1\"  >Sponsoring<\/option><\/select><\/div>\t\t<div id=\"wpforms-334-field_5-container\"\n\t\t\tclass=\"wpforms-field wpforms-field-text\"\n\t\t\tdata-field-type=\"text\"\n\t\t\tdata-field-id=\"5\"\n\t\t\t>\n\t\t\t<label class=\"wpforms-field-label\" for=\"wpforms-334-field_5\" >Indicatif message ou<\/label>\n\t\t\t<input type=\"text\" id=\"wpforms-334-field_5\" class=\"wpforms-field-medium\" name=\"wpforms[fields][5]\" >\n\t\t<\/div>\n\t\t<div id=\"wpforms-334-field_3-container\" class=\"wpforms-field wpforms-field-textarea\" data-field-id=\"3\"><label class=\"wpforms-field-label\" for=\"wpforms-334-field_3\">Commentaire ou message<\/label><textarea id=\"wpforms-334-field_3\" class=\"wpforms-field-medium\" name=\"wpforms[fields][3]\" aria-errormessage=\"wpforms-334-field_3-error\" ><\/textarea><\/div><script>\n\t\t\t\t( function() {\n\t\t\t\t\tconst style = document.createElement( 'style' );\n\t\t\t\t\tstyle.appendChild( document.createTextNode( '#wpforms-334-field_5-container { position: absolute !important; overflow: hidden !important; display: inline !important; height: 1px !important; width: 1px !important; z-index: -1000 !important; padding: 0 !important; } #wpforms-334-field_5-container input { visibility: hidden; } #wpforms-conversational-form-page #wpforms-334-field_5-container label { counter-increment: none; }' ) );\n\t\t\t\t\tdocument.head.appendChild( style );\n\t\t\t\t\tdocument.currentScript?.remove();\n\t\t\t\t} )();\n\t\t\t<\/script><\/div><!-- .wpforms-field-container --><div class=\"wpforms-submit-container\" ><input type=\"hidden\" name=\"wpforms[id]\" value=\"334\"><input type=\"hidden\" name=\"page_title\" value=\"\"><input type=\"hidden\" name=\"page_url\" value=\"https:\/\/f6kop.com\/index.php\/wp-json\/wp\/v2\/pages\/328\"><input type=\"hidden\" name=\"url_referer\" value=\"\"><button type=\"submit\" name=\"wpforms[submit]\" id=\"wpforms-submit-334\" class=\"wpforms-submit\" data-alt-text=\"Envoi...\" data-submit-text=\"Envoyer\" aria-live=\"assertive\" value=\"wpforms-submit\">Envoyer<\/button><img loading=\"lazy\" decoding=\"async\" src=\"https:\/\/f6kop.com\/wp-content\/plugins\/wpforms-lite\/assets\/images\/submit-spin.svg\" class=\"wpforms-submit-spinner\" style=\"display: none;\" width=\"26\" height=\"26\" alt=\"Chargement en cours\"><\/div><\/form><\/div>  <!-- .wpforms-container -->\n\n\n<h3 class=\"wp-block-heading\">LoTW (Logbook of The World)<\/h3>\n\n\n\n<p>Le <strong>t\u00e9l\u00e9versement sur LoTW<\/strong> sera effectu\u00e9 <strong>gratuitement pour tout le monde<\/strong> peu de temps apr\u00e8s l\u2019exp\u00e9dition DX (d\u00e8s que le log aura \u00e9t\u00e9 corrig\u00e9).<\/p>\n\n\n\n<hr class=\"wp-block-separator has-alpha-channel-opacity\"\/>\n\n\n\n<h3 class=\"wp-block-heading\">OQRS (Online QSL Request System \/ Syst\u00e8me de demande de QSL en ligne)<\/h3>\n\n\n\n<p>Nous n\u2019avons <strong>pas besoin de votre carte QSL<\/strong>, merci donc d\u2019utiliser <strong>en priorit\u00e9 le OQRS sur Club Log<\/strong> pour les demandes directes et via buro <br>Le OQRS sera ouvert <strong>peu de temps apr\u00e8s l\u2019exp\u00e9dition DX<\/strong> (d\u00e8s que le log aura \u00e9t\u00e9 corrig\u00e9).<br>Le prix demand\u00e9 pour les QSL directes est de <strong>4 USD\/EUR<\/strong> pour un <strong>nombre illimit\u00e9 de QSOs<\/strong>.<br>Vous pouvez \u00e9galement aider \u00e0 <strong>r\u00e9duire les frais du Bureau<\/strong> en utilisant le OQRS pour les QSL via buro, ce service \u00e9tant alors <strong>gratuit pour vous<\/strong>.<\/p>\n\n\n\n<hr class=\"wp-block-separator has-alpha-channel-opacity\"\/>\n\n\n\n<h3 class=\"wp-block-heading\">QSL directe<\/h3>\n\n\n\n<p>Nous <strong>n\u2019acceptons pas les IRC<\/strong>. Merci de n\u2019envoyer <strong>que de l\u2019argent liquide<\/strong> (USD ou EUR), sans pi\u00e8ces.<br>Pour une demande de QSL papier accompagn\u00e9e d\u2019une lettre, veuillez inclure <strong>3 USD ou EUR<\/strong> ainsi qu\u2019une <strong>enveloppe affranchie et libell\u00e9e (SAE)<\/strong>.<br>Merci d\u2019envoyer votre demande de QSL directe (nombre illimit\u00e9 de QSOs) \u00e0 notre QSL manager<\/p>\n\n\n\n<h3 class=\"wp-block-heading\">QSL via Bureau<\/h3>\n\n\n\n<p>Si vous ne souhaitez pas utiliser le OQRS, le traitement prendra plus de temps, mais vous pouvez \u00e9galement envoyer votre carte QSL via le <strong>bureau<\/strong> \u00e0 notre QSL manager : <strong>F5GSJ<\/strong>.<\/p>\n\n\n\n<p><\/p>\n","protected":false},"excerpt":{"rendered":"<p>F5GSJ Christian QSL Manager XP KOP Christian BERNARD19, avenue Hoche77330 OZOIR LA FERRIEREFRANCE F5PBM Larry QSL Manager de F6KOP et TM1A Larry DOMENGE5 rue de la Marni\u00e8reCHANTELOUP en BRIE 77600France F6KOP Qsl Via Direct (Bureau pr\u00e9fer\u00e9) Un mot, un titre, mais un r\u00f4le difficile \u00e0 d\u00e9crire de mani\u00e8re synth\u00e9tique tant il est essentiel pour F6KOP. Depuis plusieurs ann\u00e9es, notre ami et KOPAIN Christian F5GSJ assure cette responsabilit\u00e9 avec rigueur et passion. Le QSL Manager s\u2019occupe de v\u00e9rifier les logs, de r\u00e9pondre via LOTW et de g\u00e9rer la politique de confirmations que nous d\u00e9fendons fi\u00e8rement. Cette politique refl\u00e8te l\u2019esprit de KOP : la radio n\u2019est pas un business. Bien s\u00fbr, nous sommes aid\u00e9s et soutenus par des op\u00e9rateurs et sponsors du monde entier, mais nous ne perdons jamais de vue certains fondamentaux, malheureusement de moins en moins utilis\u00e9s par certains. Notre principe : les confirmations LOTW doivent rester gratuites. Alors que certains demandent jusqu\u2019\u00e0 5 $ pour confirmer un QSO sur LOTW, nous nous engageons \u00e0 fournir ce service rapidement et enti\u00e8rement gratuitement. Chaque sortie ou exp\u00e9dition KOP fait l\u2019objet d\u2019une \u00e9dition de QSL, disponible soit via le QSL Bureau, soit directement, avec pour seule contribution une part des frais postaux absorb\u00e9s par KOP. Chaque exp\u00e9dition g\u00e9n\u00e8re des dizaines, voire des centaines d\u2019emails que Christian re\u00e7oit : pour confirmer la pr\u00e9sence d\u2019un OM dans le log, orienter les op\u00e9rateurs sur la proc\u00e9dure \u00e0 suivre pour obtenir leur QSL, ou r\u00e9pondre \u00e0 toutes les questions li\u00e9es aux \u00e9changes. Le r\u00f4le de QSL Manager fait partie int\u00e9grante d\u2019une exp\u00e9dition DX, et garantit que chaque contact est correctement document\u00e9 et honor\u00e9. N\u2019h\u00e9sitez pas \u00e0 nous contacter pour toute question concernant le service QSL de F6KOP. Nous vous r\u00e9pondrons rapidement et avec pr\u00e9cision. LoTW (Logbook of The World) Le t\u00e9l\u00e9versement sur LoTW sera effectu\u00e9 gratuitement pour tout le monde peu de temps apr\u00e8s l\u2019exp\u00e9dition DX (d\u00e8s que le log aura \u00e9t\u00e9 corrig\u00e9). OQRS (Online QSL Request System \/ Syst\u00e8me de demande de QSL en ligne) Nous n\u2019avons pas besoin de votre carte QSL, merci donc d\u2019utiliser en priorit\u00e9 le OQRS sur Club Log pour les demandes directes et via buro Le OQRS sera ouvert peu de temps apr\u00e8s l\u2019exp\u00e9dition DX (d\u00e8s que le log aura \u00e9t\u00e9 corrig\u00e9).Le prix demand\u00e9 pour les QSL directes est de 4 USD\/EUR pour un nombre illimit\u00e9 de QSOs.Vous pouvez \u00e9galement aider \u00e0 r\u00e9duire les frais du Bureau en utilisant le OQRS pour les QSL via buro, ce service \u00e9tant alors gratuit pour vous. QSL directe Nous n\u2019acceptons pas les IRC. Merci de n\u2019envoyer que de l\u2019argent liquide (USD ou EUR), sans pi\u00e8ces.Pour une demande de QSL papier accompagn\u00e9e d\u2019une lettre, veuillez inclure 3 USD ou EUR ainsi qu\u2019une enveloppe affranchie et libell\u00e9e (SAE).Merci d\u2019envoyer votre demande de QSL directe (nombre illimit\u00e9 de QSOs) \u00e0 notre QSL manager QSL via Bureau Si vous ne souhaitez pas utiliser le OQRS, le traitement prendra plus de temps, mais vous pouvez \u00e9galement envoyer votre carte QSL via le bureau \u00e0 notre QSL manager : F5GSJ.<\/p>\n","protected":false},"author":2,"featured_media":0,"parent":0,"menu_order":0,"comment_status":"closed","ping_status":"closed","template":"","meta":{"footnotes":""},"class_list":["post-328","page","type-page","status-publish","hentry"],"_links":{"self":[{"href":"https:\/\/f6kop.com\/index.php\/wp-json\/wp\/v2\/pages\/328","targetHints":{"allow":["GET"]}}],"collection":[{"href":"https:\/\/f6kop.com\/index.php\/wp-json\/wp\/v2\/pages"}],"about":[{"href":"https:\/\/f6kop.com\/index.php\/wp-json\/wp\/v2\/types\/page"}],"author":[{"embeddable":true,"href":"https:\/\/f6kop.com\/index.php\/wp-json\/wp\/v2\/users\/2"}],"replies":[{"embeddable":true,"href":"https:\/\/f6kop.com\/index.php\/wp-json\/wp\/v2\/comments?post=328"}],"version-history":[{"count":8,"href":"https:\/\/f6kop.com\/index.php\/wp-json\/wp\/v2\/pages\/328\/revisions"}],"predecessor-version":[{"id":1318,"href":"https:\/\/f6kop.com\/index.php\/wp-json\/wp\/v2\/pages\/328\/revisions\/1318"}],"wp:attachment":[{"href":"https:\/\/f6kop.com\/index.php\/wp-json\/wp\/v2\/media?parent=328"}],"curies":[{"name":"wp","href":"https:\/\/api.w.org\/{rel}","templated":true}]}}