{"id":41,"date":"2026-01-09T14:10:03","date_gmt":"2026-01-09T14:10:03","guid":{"rendered":"http:\/\/f6kop.com\/?page_id=41"},"modified":"2026-02-13T04:51:30","modified_gmt":"2026-02-13T03:51:30","slug":"le-bureau-2026","status":"publish","type":"page","link":"https:\/\/f6kop.com\/index.php\/le-bureau-2026\/","title":{"rendered":"Le bureau 2026"},"content":{"rendered":"\n<p><\/p>\n\n\n\n<figure class=\"wp-block-image size-full\"><img loading=\"lazy\" decoding=\"async\" width=\"720\" height=\"482\" src=\"https:\/\/f6kop.com\/wp-content\/uploads\/2026\/02\/1.jpg\" alt=\"\" class=\"wp-image-625\" srcset=\"https:\/\/f6kop.com\/wp-content\/uploads\/2026\/02\/1.jpg 720w, https:\/\/f6kop.com\/wp-content\/uploads\/2026\/02\/1-300x201.jpg 300w\" sizes=\"auto, (max-width: 720px) 100vw, 720px\" \/><\/figure>\n\n\n\n<p><\/p>\n\n\n\n<p>Le radio-club <strong>F6KOP<\/strong> est une association, r\u00e9gie par la <strong>loi de 1901<\/strong>, \u00e0 <strong>but non lucratif<\/strong>. Il a pour vocation de promouvoir, d\u00e9velopper et faire vivre la pratique du radioamateurisme, dans un esprit de partage, de transmission des connaissances et de convivialit\u00e9.<\/p>\n\n\n\n<p>Chaque ann\u00e9e, les membres de l\u2019association sont invit\u00e9s \u00e0 participer activement \u00e0 la vie du club en \u00e9lisant une \u00e9quipe d\u2019op\u00e9rateurs b\u00e9n\u00e9voles r\u00e9unis au sein du <strong>Conseil d\u2019Administration (CA)<\/strong>. Ce comit\u00e9 d\u2019organisation d\u00e9finit les grandes orientations du club et veille \u00e0 son bon fonctionnement. Il a notamment pour mission de d\u00e9signer les responsables des diff\u00e9rents p\u00f4les et activit\u00e9s, en tenant compte des comp\u00e9tences et de l\u2019engagement de chacun.<\/p>\n\n\n\n<p>L\u2019\u00e9quipe dirigeante \u0153uvre tout au long de l\u2019ann\u00e9e pour proposer \u00e0 l\u2019ensemble des membres une organisation claire, efficace et dynamique. L\u2019objectif est de garantir les meilleures conditions possibles pour les activit\u00e9s radio, la formation, les contests, les exp\u00e9rimentations techniques et la vie associative en g\u00e9n\u00e9ral.<\/p>\n\n\n\n<p>\u00c0 travers cette structure, le radio-club F6KOP s\u2019attache \u00e0 offrir \u00e0 ses membres une \u00e9coute attentive, un cadre organis\u00e9 et des projets f\u00e9d\u00e9rateurs, afin que chacun puisse s\u2019\u00e9panouir pleinement dans la pratique du radioamateurisme.<\/p>\n\n\n\n<p><\/p>\n\n\n\n<h2 class=\"wp-block-heading\">\ud83d\udccb Bureau et Conseil d\u2019Administration  F6KOP<\/h2>\n\n\n\n<h3 class=\"wp-block-heading\">\ud83c\udfc5 Pr\u00e9sidents d\u2019honneur<\/h3>\n\n\n\n<ul class=\"wp-block-list\">\n<li><strong>Claude F6EAL<\/strong> (SK)<\/li>\n\n\n\n<li><strong>Jacques F8WV<\/strong> (SK)<\/li>\n\n\n\n<li><strong>Frank F4AJQ<\/strong><\/li>\n\n\n\n<li><strong>Thierry F4TTR<\/strong><\/li>\n<\/ul>\n\n\n\n<hr class=\"wp-block-separator has-alpha-channel-opacity\"\/>\n\n\n\n<p><\/p>\n\n\n\n<h3 class=\"wp-block-heading\">\ud83d\udc64 Pr\u00e9sident<\/h3>\n\n\n\n<ul class=\"wp-block-list\">\n<li><strong>Frank F4AJQ<\/strong><\/li>\n<\/ul>\n\n\n\n<hr class=\"wp-block-separator has-alpha-channel-opacity\"\/>\n\n\n\n<p><\/p>\n\n\n\n<h3 class=\"wp-block-heading\">\ud83d\udc65 Vice-Pr\u00e9sidents<\/h3>\n\n\n\n<ul class=\"wp-block-list\">\n<li><strong>Misho F8GGV<\/strong><\/li>\n\n\n\n<li><strong>Jean-Michel F4DLM<\/strong><\/li>\n\n\n\n<li><strong>Tony F5ANZ<\/strong><\/li>\n\n\n\n<li><strong>Jo\u00ebl F6JMT<\/strong><\/li>\n\n\n\n<li><strong>Olivier HB9GWJ<\/strong><\/li>\n\n\n\n<li><strong>Jules F4IEY<\/strong><\/li>\n<\/ul>\n\n\n\n<hr class=\"wp-block-separator has-alpha-channel-opacity\"\/>\n\n\n\n<p><\/p>\n\n\n\n<h3 class=\"wp-block-heading\">\ud83d\udcdd Secr\u00e9tariat<\/h3>\n\n\n\n<ul class=\"wp-block-list\">\n<li><strong>Laurent F5PBM<\/strong> \u2014 Secr\u00e9taire<\/li>\n\n\n\n<li><strong>Juan F4JCT<\/strong> \u2014 Secr\u00e9taire adjoint<\/li>\n\n\n\n<li><strong>Johan F4HHL<\/strong> \u2014 Secr\u00e9taire adjoint<\/li>\n<\/ul>\n\n\n\n<hr class=\"wp-block-separator has-alpha-channel-opacity\"\/>\n\n\n\n<p><\/p>\n\n\n\n<h3 class=\"wp-block-heading\">\ud83d\udcb0 Tr\u00e9sorerie<\/h3>\n\n\n\n<ul class=\"wp-block-list\">\n<li><strong>Christian F5GSJ<\/strong> \u2014 Tr\u00e9sorier<\/li>\n\n\n\n<li><strong>Jos\u00e9 F4IEL<\/strong> \u2014 Tr\u00e9sorier adjoint<\/li>\n\n\n\n<li><strong>Claude F5GVA<\/strong> \u2014 Tr\u00e9sorier adjoint<\/li>\n\n\n\n<li><strong>J\u00e9r\u00f4me F4JTL<\/strong> \u2014 Tr\u00e9sorier adjoint<\/li>\n<\/ul>\n\n\n\n<hr class=\"wp-block-separator has-alpha-channel-opacity\"\/>\n\n\n\n<p><\/p>\n\n\n\n<h3 class=\"wp-block-heading\">\ud83d\udd27 Responsable technique<\/h3>\n\n\n\n<ul class=\"wp-block-list\">\n<li><strong>Jo\u00ebl F6JMT<\/strong><\/li>\n<\/ul>\n\n\n\n<hr class=\"wp-block-separator has-alpha-channel-opacity\"\/>\n\n\n\n<p><\/p>\n\n\n\n<h2 class=\"wp-block-heading\">Charg\u00e9 de mission<\/h2>\n\n\n\n<ul class=\"wp-block-list\">\n<li><strong>Damien F4AZF<\/strong><\/li>\n<\/ul>\n\n\n\n<hr class=\"wp-block-separator has-alpha-channel-opacity\"\/>\n\n\n\n<p><\/p>\n\n\n\n<h2 class=\"wp-block-heading\">\ud83d\udce1 Responsabilit\u00e9s et fonctions sp\u00e9cifiques<\/h2>\n\n\n\n<h3 class=\"wp-block-heading\">\ud83c\udfc1 Contests VHF \/ UHF \/ SHF<\/h3>\n\n\n\n<ul class=\"wp-block-list\">\n<li><strong>Jo\u00ebl F6JMT<\/strong><\/li>\n<\/ul>\n\n\n\n<hr class=\"wp-block-separator has-alpha-channel-opacity\"\/>\n\n\n\n<p><\/p>\n\n\n\n<h3 class=\"wp-block-heading\">\ud83d\udcec QSL &amp; Exp\u00e9ditions<\/h3>\n\n\n\n<ul class=\"wp-block-list\">\n<li><strong>Christian F5GSJ<\/strong><br><em>QSL Manager F6KOP \u2013 TM2A \u2013 TM9A \/ Exp\u00e9ditions<\/em><\/li>\n<\/ul>\n\n\n\n<hr class=\"wp-block-separator has-alpha-channel-opacity\"\/>\n\n\n\n<p><\/p>\n\n\n\n<h3 class=\"wp-block-heading\">\ud83d\udcbb Logs &amp; LoTW \u2013 Contest HF<\/h3>\n\n\n\n<ul class=\"wp-block-list\">\n<li><strong>Laurent F5PBM<\/strong><br><em>Responsable LoTW et logs Contest HF F6KOP \/ TM1A<\/em><\/li>\n<\/ul>\n\n\n\n<hr class=\"wp-block-separator has-alpha-channel-opacity\"\/>\n\n\n\n<p><\/p>\n\n\n\n<h3 class=\"wp-block-heading\">\ud83c\udf93 Formation \u2013 pr\u00e9paration \u00e0 la licence<\/h3>\n\n\n\n<ul class=\"wp-block-list\">\n<li><strong>Juan F4JCT<\/strong><\/li>\n\n\n\n<li><strong>Jos\u00e9 F4IEL<\/strong><\/li>\n<\/ul>\n\n\n\n<hr class=\"wp-block-separator has-alpha-channel-opacity\"\/>\n\n\n\n<p><\/p>\n\n\n\n<h3 class=\"wp-block-heading\">\ud83d\udcf6 WSPR<\/h3>\n\n\n\n<ul class=\"wp-block-list\">\n<li><strong>Jean-Michel F4DLM<\/strong><\/li>\n<\/ul>\n\n\n\n<hr class=\"wp-block-separator has-alpha-channel-opacity\"\/>\n\n\n\n<p><\/p>\n\n\n\n<h3 class=\"wp-block-heading\">\ud83d\udce3 R\u00e9f\u00e9rent Communications<\/h3>\n\n\n\n<ul class=\"wp-block-list\">\n<li><strong>J\u00e9r\u00f4me F4JTL<\/strong><br><em>R\u00e9f\u00e9rent communications F4KNQ \u2013 Lyc\u00e9e polyvalent Les Pannevelles<\/em><\/li>\n<\/ul>\n\n\n\n<p><\/p>\n","protected":false},"excerpt":{"rendered":"<p>Le radio-club F6KOP est une association, r\u00e9gie par la loi de 1901, \u00e0 but non lucratif. Il a pour vocation de promouvoir, d\u00e9velopper et faire vivre la pratique du radioamateurisme, dans un esprit de partage, de transmission des connaissances et de convivialit\u00e9. Chaque ann\u00e9e, les membres de l\u2019association sont invit\u00e9s \u00e0 participer activement \u00e0 la vie du club en \u00e9lisant une \u00e9quipe d\u2019op\u00e9rateurs b\u00e9n\u00e9voles r\u00e9unis au sein du Conseil d\u2019Administration (CA). Ce comit\u00e9 d\u2019organisation d\u00e9finit les grandes orientations du club et veille \u00e0 son bon fonctionnement. Il a notamment pour mission de d\u00e9signer les responsables des diff\u00e9rents p\u00f4les et activit\u00e9s, en tenant compte des comp\u00e9tences et de l\u2019engagement de chacun. L\u2019\u00e9quipe dirigeante \u0153uvre tout au long de l\u2019ann\u00e9e pour proposer \u00e0 l\u2019ensemble des membres une organisation claire, efficace et dynamique. L\u2019objectif est de garantir les meilleures conditions possibles pour les activit\u00e9s radio, la formation, les contests, les exp\u00e9rimentations techniques et la vie associative en g\u00e9n\u00e9ral. \u00c0 travers cette structure, le radio-club F6KOP s\u2019attache \u00e0 offrir \u00e0 ses membres une \u00e9coute attentive, un cadre organis\u00e9 et des projets f\u00e9d\u00e9rateurs, afin que chacun puisse s\u2019\u00e9panouir pleinement dans la pratique du radioamateurisme. \ud83d\udccb Bureau et Conseil d\u2019Administration F6KOP \ud83c\udfc5 Pr\u00e9sidents d\u2019honneur \ud83d\udc64 Pr\u00e9sident \ud83d\udc65 Vice-Pr\u00e9sidents \ud83d\udcdd Secr\u00e9tariat \ud83d\udcb0 Tr\u00e9sorerie \ud83d\udd27 Responsable technique Charg\u00e9 de mission \ud83d\udce1 Responsabilit\u00e9s et fonctions sp\u00e9cifiques \ud83c\udfc1 Contests VHF \/ UHF \/ SHF \ud83d\udcec QSL &amp; Exp\u00e9ditions \ud83d\udcbb Logs &amp; LoTW \u2013 Contest HF \ud83c\udf93 Formation \u2013 pr\u00e9paration \u00e0 la licence \ud83d\udcf6 WSPR \ud83d\udce3 R\u00e9f\u00e9rent Communications<\/p>\n","protected":false},"author":1,"featured_media":0,"parent":0,"menu_order":0,"comment_status":"closed","ping_status":"closed","template":"","meta":{"footnotes":""},"class_list":["post-41","page","type-page","status-publish","hentry"],"_links":{"self":[{"href":"https:\/\/f6kop.com\/index.php\/wp-json\/wp\/v2\/pages\/41","targetHints":{"allow":["GET"]}}],"collection":[{"href":"https:\/\/f6kop.com\/index.php\/wp-json\/wp\/v2\/pages"}],"about":[{"href":"https:\/\/f6kop.com\/index.php\/wp-json\/wp\/v2\/types\/page"}],"author":[{"embeddable":true,"href":"https:\/\/f6kop.com\/index.php\/wp-json\/wp\/v2\/users\/1"}],"replies":[{"embeddable":true,"href":"https:\/\/f6kop.com\/index.php\/wp-json\/wp\/v2\/comments?post=41"}],"version-history":[{"count":10,"href":"https:\/\/f6kop.com\/index.php\/wp-json\/wp\/v2\/pages\/41\/revisions"}],"predecessor-version":[{"id":626,"href":"https:\/\/f6kop.com\/index.php\/wp-json\/wp\/v2\/pages\/41\/revisions\/626"}],"wp:attachment":[{"href":"https:\/\/f6kop.com\/index.php\/wp-json\/wp\/v2\/media?parent=41"}],"curies":[{"name":"wp","href":"https:\/\/api.w.org\/{rel}","templated":true}]}}