{"id":732,"date":"2026-03-28T08:28:29","date_gmt":"2026-03-28T07:28:29","guid":{"rendered":"https:\/\/f6kop.com\/?page_id=732"},"modified":"2026-03-28T08:35:07","modified_gmt":"2026-03-28T07:35:07","slug":"kop-en-video","status":"publish","type":"page","link":"https:\/\/f6kop.com\/index.php\/kop-en-video\/","title":{"rendered":"KOP en Video"},"content":{"rendered":"\n<p><\/p>\n\n\n\n<p>Retrouvez ici une s\u00e9lection des plus belles vid\u00e9os d\u2019exp\u00e9ditions et d\u2019\u00e9v\u00e9nements r\u00e9alis\u00e9s par le radio-club. Cette collection met en valeur la diversit\u00e9 de nos activit\u00e9s, avec certaines productions de qualit\u00e9 professionnelle, notamment r\u00e9alis\u00e9es par F2DX, tandis que d\u2019autres, plus amateurs mais tout aussi authentiques, t\u00e9moignent de la passion et de l\u2019engagement de nos membres.<\/p>\n\n\n\n<p>Ces vid\u00e9os retracent l \u057a\u0561\u057f\u0574orique de nos projets, illustrant aussi bien les moments forts que les coulisses de nos aventures radioamateurs. Elles constituent une v\u00e9ritable m\u00e9moire vivante du club, refl\u00e9tant son \u00e9volution au fil du temps.<\/p>\n\n\n\n<p>De nouvelles vid\u00e9os viendront prochainement enrichir cette collection, afin de continuer \u00e0 partager avec vous nos exp\u00e9riences, nos d\u00e9couvertes et notre enthousiasme pour le radioamateurisme.<\/p>\n\n\n\n<p><\/p>\n\n\n\n<p><\/p>\n\n\n\n<figure class=\"wp-block-embed is-type-video is-provider-youtube wp-block-embed-youtube wp-embed-aspect-16-9 wp-has-aspect-ratio\"><div class=\"wp-block-embed__wrapper\">\n<iframe loading=\"lazy\" title=\"iaru vhf f6kop\" width=\"960\" height=\"540\" src=\"https:\/\/www.youtube.com\/embed\/SNmxxE3Kwq4?feature=oembed\" frameborder=\"0\" allow=\"accelerometer; autoplay; clipboard-write; encrypted-media; gyroscope; picture-in-picture; web-share\" referrerpolicy=\"strict-origin-when-cross-origin\" allowfullscreen><\/iframe>\n<\/div><\/figure>\n\n\n\n<p><\/p>\n\n\n\n<figure class=\"wp-block-embed is-type-video is-provider-youtube wp-block-embed-youtube wp-embed-aspect-16-9 wp-has-aspect-ratio\"><div class=\"wp-block-embed__wrapper\">\n<iframe loading=\"lazy\" title=\"TY7C 2018 Benin  DXpedition by F6KOP\" width=\"960\" height=\"540\" src=\"https:\/\/www.youtube.com\/embed\/c8g8EykhLCY?feature=oembed\" frameborder=\"0\" allow=\"accelerometer; autoplay; clipboard-write; encrypted-media; gyroscope; picture-in-picture; web-share\" referrerpolicy=\"strict-origin-when-cross-origin\" allowfullscreen><\/iframe>\n<\/div><\/figure>\n\n\n\n<p><\/p>\n\n\n\n<figure class=\"wp-block-embed is-type-video is-provider-youtube wp-block-embed-youtube wp-embed-aspect-16-9 wp-has-aspect-ratio\"><div class=\"wp-block-embed__wrapper\">\n<iframe loading=\"lazy\" title=\"TU7C DXpedition\" width=\"960\" height=\"540\" src=\"https:\/\/www.youtube.com\/embed\/SvGO0UjgMA8?feature=oembed\" frameborder=\"0\" allow=\"accelerometer; autoplay; clipboard-write; encrypted-media; gyroscope; picture-in-picture; web-share\" referrerpolicy=\"strict-origin-when-cross-origin\" allowfullscreen><\/iframe>\n<\/div><\/figure>\n\n\n\n<p><\/p>\n\n\n\n<figure class=\"wp-block-embed is-type-video is-provider-youtube wp-block-embed-youtube wp-embed-aspect-4-3 wp-has-aspect-ratio\"><div class=\"wp-block-embed__wrapper\">\n<iframe loading=\"lazy\" title=\"Les 35 ans de F6KOP\" width=\"960\" height=\"720\" src=\"https:\/\/www.youtube.com\/embed\/6kDQpFaR2pg?feature=oembed\" frameborder=\"0\" allow=\"accelerometer; autoplay; clipboard-write; encrypted-media; gyroscope; picture-in-picture; web-share\" referrerpolicy=\"strict-origin-when-cross-origin\" allowfullscreen><\/iframe>\n<\/div><\/figure>\n\n\n\n<p><\/p>\n\n\n\n<figure class=\"wp-block-embed is-type-video is-provider-youtube wp-block-embed-youtube wp-embed-aspect-4-3 wp-has-aspect-ratio\"><div class=\"wp-block-embed__wrapper\">\n<iframe loading=\"lazy\" title=\"F6KOP-P EU148\" width=\"960\" height=\"720\" src=\"https:\/\/www.youtube.com\/embed\/F-gRsWEuqrI?feature=oembed\" frameborder=\"0\" allow=\"accelerometer; autoplay; clipboard-write; encrypted-media; gyroscope; picture-in-picture; web-share\" referrerpolicy=\"strict-origin-when-cross-origin\" allowfullscreen><\/iframe>\n<\/div><\/figure>\n\n\n\n<p><\/p>\n\n\n\n<figure class=\"wp-block-embed is-type-video is-provider-youtube wp-block-embed-youtube wp-embed-aspect-16-9 wp-has-aspect-ratio\"><div class=\"wp-block-embed__wrapper\">\n<iframe loading=\"lazy\" title=\"E44CC - Palestine DXpedition 2020\" width=\"960\" height=\"540\" src=\"https:\/\/www.youtube.com\/embed\/ofg53o3pHQ8?feature=oembed\" frameborder=\"0\" allow=\"accelerometer; autoplay; clipboard-write; encrypted-media; gyroscope; picture-in-picture; web-share\" referrerpolicy=\"strict-origin-when-cross-origin\" allowfullscreen><\/iframe>\n<\/div><\/figure>\n\n\n\n<p><\/p>\n\n\n\n<figure class=\"wp-block-embed is-type-video is-provider-youtube wp-block-embed-youtube wp-embed-aspect-16-9 wp-has-aspect-ratio\"><div class=\"wp-block-embed__wrapper\">\n<iframe loading=\"lazy\" title=\"TO8FH - Mayotte 2023 DXpedition\" width=\"960\" height=\"540\" src=\"https:\/\/www.youtube.com\/embed\/7aCQxJlwyFA?start=67&#038;feature=oembed\" frameborder=\"0\" allow=\"accelerometer; autoplay; clipboard-write; encrypted-media; gyroscope; picture-in-picture; web-share\" referrerpolicy=\"strict-origin-when-cross-origin\" allowfullscreen><\/iframe>\n<\/div><\/figure>\n\n\n\n<p><\/p>\n\n\n\n<figure class=\"wp-block-embed is-type-video is-provider-youtube wp-block-embed-youtube wp-embed-aspect-16-9 wp-has-aspect-ratio\"><div class=\"wp-block-embed__wrapper\">\n<iframe loading=\"lazy\" title=\"TM0HQ\" width=\"960\" height=\"540\" src=\"https:\/\/www.youtube.com\/embed\/70Md3NbpUys?feature=oembed\" frameborder=\"0\" allow=\"accelerometer; autoplay; clipboard-write; encrypted-media; gyroscope; picture-in-picture; web-share\" referrerpolicy=\"strict-origin-when-cross-origin\" allowfullscreen><\/iframe>\n<\/div><\/figure>\n\n\n\n<p><\/p>\n\n\n\n<figure class=\"wp-block-embed is-type-video is-provider-youtube wp-block-embed-youtube wp-embed-aspect-4-3 wp-has-aspect-ratio\"><div class=\"wp-block-embed__wrapper\">\n<iframe loading=\"lazy\" title=\"TM9A IARU VHF contest 2017\" width=\"960\" height=\"720\" src=\"https:\/\/www.youtube.com\/embed\/wkzqUmqkDmU?start=12&#038;feature=oembed\" frameborder=\"0\" allow=\"accelerometer; autoplay; clipboard-write; encrypted-media; gyroscope; picture-in-picture; web-share\" referrerpolicy=\"strict-origin-when-cross-origin\" allowfullscreen><\/iframe>\n<\/div><\/figure>\n\n\n\n<p><\/p>\n\n\n\n<figure class=\"wp-block-embed is-type-video is-provider-youtube wp-block-embed-youtube wp-embed-aspect-16-9 wp-has-aspect-ratio\"><div class=\"wp-block-embed__wrapper\">\n<iframe loading=\"lazy\" title=\"D60AE - Comoros 2022 DXpedition\" width=\"960\" height=\"540\" src=\"https:\/\/www.youtube.com\/embed\/4vjxmz6fBfQ?start=11&#038;feature=oembed\" frameborder=\"0\" allow=\"accelerometer; autoplay; clipboard-write; encrypted-media; gyroscope; picture-in-picture; web-share\" referrerpolicy=\"strict-origin-when-cross-origin\" allowfullscreen><\/iframe>\n<\/div><\/figure>\n\n\n\n<p><\/p>\n\n\n\n<figure class=\"wp-block-embed is-type-video is-provider-youtube wp-block-embed-youtube wp-embed-aspect-16-9 wp-has-aspect-ratio\"><div class=\"wp-block-embed__wrapper\">\n<iframe loading=\"lazy\" title=\"FP5KE, St Pierre &amp; Miquelon (NA-032) 2025 DXpedition By F6KOP , 17m FT8 QSO by HL2WA\" width=\"960\" height=\"540\" src=\"https:\/\/www.youtube.com\/embed\/4T6qEi48Tq4?feature=oembed\" frameborder=\"0\" allow=\"accelerometer; autoplay; clipboard-write; encrypted-media; gyroscope; picture-in-picture; web-share\" referrerpolicy=\"strict-origin-when-cross-origin\" allowfullscreen><\/iframe>\n<\/div><\/figure>\n\n\n\n<p><\/p>\n\n\n\n<figure class=\"wp-block-embed is-type-video is-provider-youtube wp-block-embed-youtube wp-embed-aspect-16-9 wp-has-aspect-ratio\"><div class=\"wp-block-embed__wrapper\">\n<iframe loading=\"lazy\" title=\"tm9a\" width=\"960\" height=\"540\" src=\"https:\/\/www.youtube.com\/embed\/7Yy7QaOC4ZE?feature=oembed\" frameborder=\"0\" allow=\"accelerometer; autoplay; clipboard-write; encrypted-media; gyroscope; picture-in-picture; web-share\" referrerpolicy=\"strict-origin-when-cross-origin\" allowfullscreen><\/iframe>\n<\/div><\/figure>\n\n\n\n<p><\/p>\n\n\n\n<figure class=\"wp-block-embed is-type-video is-provider-youtube wp-block-embed-youtube wp-embed-aspect-16-9 wp-has-aspect-ratio\"><div class=\"wp-block-embed__wrapper\">\n<iframe loading=\"lazy\" title=\"9LY1JM - Banana Island DXpedition 2019\" width=\"960\" height=\"540\" src=\"https:\/\/www.youtube.com\/embed\/UMM9EC7C8rA?feature=oembed\" frameborder=\"0\" allow=\"accelerometer; autoplay; clipboard-write; encrypted-media; gyroscope; picture-in-picture; web-share\" referrerpolicy=\"strict-origin-when-cross-origin\" allowfullscreen><\/iframe>\n<\/div><\/figure>\n\n\n\n<p><\/p>\n\n\n\n<figure class=\"wp-block-embed is-type-video is-provider-youtube wp-block-embed-youtube wp-embed-aspect-16-9 wp-has-aspect-ratio\"><div class=\"wp-block-embed__wrapper\">\n<iframe loading=\"lazy\" title=\"D60AE Live video - Antenna installation\" width=\"960\" height=\"540\" src=\"https:\/\/www.youtube.com\/embed\/4JyxpDgmFZI?feature=oembed\" frameborder=\"0\" allow=\"accelerometer; autoplay; clipboard-write; encrypted-media; gyroscope; picture-in-picture; web-share\" referrerpolicy=\"strict-origin-when-cross-origin\" allowfullscreen><\/iframe>\n<\/div><\/figure>\n\n\n\n<p><\/p>\n\n\n\n<figure class=\"wp-block-embed is-type-video is-provider-youtube wp-block-embed-youtube wp-embed-aspect-16-9 wp-has-aspect-ratio\"><div class=\"wp-block-embed__wrapper\">\n<iframe loading=\"lazy\" title=\"9L5A DXpedition Operators\" width=\"960\" height=\"540\" src=\"https:\/\/www.youtube.com\/embed\/NSU-IgptVhY?list=PLNnl8A5KZPGXDTGujITBbYFRRFPu_xyxI\" frameborder=\"0\" allow=\"accelerometer; autoplay; clipboard-write; encrypted-media; gyroscope; picture-in-picture; web-share\" referrerpolicy=\"strict-origin-when-cross-origin\" allowfullscreen><\/iframe>\n<\/div><\/figure>\n\n\n\n<p><\/p>\n\n\n\n<figure class=\"wp-block-embed is-type-video is-provider-youtube wp-block-embed-youtube wp-embed-aspect-16-9 wp-has-aspect-ratio\"><div class=\"wp-block-embed__wrapper\">\n<iframe loading=\"lazy\" title=\"E44CC Live video - Our team\" width=\"960\" height=\"540\" src=\"https:\/\/www.youtube.com\/embed\/JWDmhqmJ3wg?feature=oembed\" frameborder=\"0\" allow=\"accelerometer; autoplay; clipboard-write; encrypted-media; gyroscope; picture-in-picture; web-share\" referrerpolicy=\"strict-origin-when-cross-origin\" allowfullscreen><\/iframe>\n<\/div><\/figure>\n\n\n\n<p><\/p>\n\n\n\n<figure class=\"wp-block-embed is-type-video is-provider-youtube wp-block-embed-youtube wp-embed-aspect-16-9 wp-has-aspect-ratio\"><div class=\"wp-block-embed__wrapper\">\n<iframe loading=\"lazy\" title=\"Pr\u00e9sentation du site de KOP provins. ( association radio amateurs )\" width=\"960\" height=\"540\" src=\"https:\/\/www.youtube.com\/embed\/6J-bVxUPY9w?feature=oembed\" frameborder=\"0\" allow=\"accelerometer; autoplay; clipboard-write; encrypted-media; gyroscope; picture-in-picture; web-share\" referrerpolicy=\"strict-origin-when-cross-origin\" allowfullscreen><\/iframe>\n<\/div><\/figure>\n\n\n\n<p><\/p>\n","protected":false},"excerpt":{"rendered":"<p>Retrouvez ici une s\u00e9lection des plus belles vid\u00e9os d\u2019exp\u00e9ditions et d\u2019\u00e9v\u00e9nements r\u00e9alis\u00e9s par le radio-club. Cette collection met en valeur la diversit\u00e9 de nos activit\u00e9s, avec certaines productions de qualit\u00e9 professionnelle, notamment r\u00e9alis\u00e9es par F2DX, tandis que d\u2019autres, plus amateurs mais tout aussi authentiques, t\u00e9moignent de la passion et de l\u2019engagement de nos membres. Ces vid\u00e9os retracent l \u057a\u0561\u057f\u0574orique de nos projets, illustrant aussi bien les moments forts que les coulisses de nos aventures radioamateurs. Elles constituent une v\u00e9ritable m\u00e9moire vivante du club, refl\u00e9tant son \u00e9volution au fil du temps. De nouvelles vid\u00e9os viendront prochainement enrichir cette collection, afin de continuer \u00e0 partager avec vous nos exp\u00e9riences, nos d\u00e9couvertes et notre enthousiasme pour le radioamateurisme.<\/p>\n","protected":false},"author":2,"featured_media":0,"parent":0,"menu_order":0,"comment_status":"closed","ping_status":"closed","template":"","meta":{"footnotes":""},"class_list":["post-732","page","type-page","status-publish","hentry"],"_links":{"self":[{"href":"https:\/\/f6kop.com\/index.php\/wp-json\/wp\/v2\/pages\/732","targetHints":{"allow":["GET"]}}],"collection":[{"href":"https:\/\/f6kop.com\/index.php\/wp-json\/wp\/v2\/pages"}],"about":[{"href":"https:\/\/f6kop.com\/index.php\/wp-json\/wp\/v2\/types\/page"}],"author":[{"embeddable":true,"href":"https:\/\/f6kop.com\/index.php\/wp-json\/wp\/v2\/users\/2"}],"replies":[{"embeddable":true,"href":"https:\/\/f6kop.com\/index.php\/wp-json\/wp\/v2\/comments?post=732"}],"version-history":[{"count":2,"href":"https:\/\/f6kop.com\/index.php\/wp-json\/wp\/v2\/pages\/732\/revisions"}],"predecessor-version":[{"id":738,"href":"https:\/\/f6kop.com\/index.php\/wp-json\/wp\/v2\/pages\/732\/revisions\/738"}],"wp:attachment":[{"href":"https:\/\/f6kop.com\/index.php\/wp-json\/wp\/v2\/media?parent=732"}],"curies":[{"name":"wp","href":"https:\/\/api.w.org\/{rel}","templated":true}]}}